ANNUAL CLIMATOLOGICAL SUMMARY

 

NAME: K-HUS  CITY: Hällefors   STATE: Sweden 

ELEV:   LAT:   LONG:

 

               TEMPERATURE (°C), HEAT BASE 18.3, COOL BASE 18.3

                          DEP.  HEAT  COOL                                          

        MEAN  MEAN        FROM  DEG   DEG                        MAX  MAX  MIN  MIN

 YR MO  MAX   MIN   MEAN  NORM  DAYS  DAYS  HI  DATE  LOW  DATE  >=32 <=0  <=0  <=-18

------------------------------------------------------------------------------------

  5  1   2.3  -2.7   0.2   0.0   572     0   8.1   7 -11.5   29    0    9   21    0

  5  2  -0.3  -6.3  -3.1   0.0   605     0   4.6   2 -17.6   25    0   14   27    0

  5  3   3.5  -8.4  -2.3   0.0   643     0  15.0  25 -22.3    2    0   13   29    4

  5  4  13.1  -0.3   6.0   0.0   356     0  20.9  28  -4.4   20    0    0   18    0

  5  5  15.9   4.6   9.8   0.0   248     0  21.3  22  -1.3    9    0    0    2    0

  5  6  20.5   8.8  14.3   0.0    98     3  28.7  20   1.5    8    0    0    0    0

  5  7

  5  8

  5  9  15.5   6.8  10.9   0.0   103     0  19.1  19  -0.6   16    0    0    1    0

  5 10  10.2   2.6   6.3   0.0   338     0  16.8   3  -6.0   24    0    1   10    0

  5 11   5.8   1.0   3.7   0.0   447     0  11.7   4 -10.7   30    0    5   12    0

  5 12   0.4  -4.5  -2.0   0.0   630     0   5.4  11 -13.5   19    0   12   26    0

------------------------------------------------------------------------------------

         8.3  -0.2   4.0   0.0  4039     3  28.7 JUN -22.3  MAR    0   54  146    4

 

                                PRECIPITATION (mm)

 

              DEP.   MAX        DAYS OF RAIN

              FROM   OBS.          OVER

 YR MO  TOTAL NORM   DAY  DATE  .2   2   20

--------------------------------------------

  5  1  49.4   0.0  14.6    8   14    7    0

  5  2  17.4   0.0   7.6   10    8    2    0

  5  3  20.8   0.0   9.6   17    4    3    0

  5  4  22.6   0.0  10.0    8    6    4    0

  5  5  77.8   0.0  14.0    2   19    9    0

  5  6  45.6   0.0  17.8   12    9    6    0

  5  7   0.0   0.0   0.0    1    0    0    0

  5  8   0.0   0.0   0.0    1    0    0    0

  5  9   5.6   0.0   2.6   27    4    1    0

  5 10  66.2   0.0  15.4   25   12    8    0

  5 11  53.8   0.0   7.4   12   18   10    0

  5 12  27.6   0.0   5.6    6   11    7    0

--------------------------------------------

       386.8   0.0  17.8  JUN  105   57    0

 

                                WIND SPEED (m/s)

                          DOM

 YR MO   AVG.  HI   DATE  DIR

---------------------------------

  5  1   2.9  25.9   12   WSW

  5  2   2.2  16.1   13   NNE

  5  3   1.4  14.3    8     N

  5  4   1.9  16.1    5   WSW

  5  5   2.0  14.8   26   WSW

  5  6   2.0  13.4   10     N

  5  7

  5  8

  5  9   1.9  14.3   18   WSW

  5 10   1.4  15.6   21   SSE

  5 11   2.3  22.4   14   WSW

  5 12   1.9  15.6   26     N

---------------------------------

         2.0  25.9  JAN    N