ANNUAL CLIMATOLOGICAL SUMMARY

 

NAME: K-HUS  CITY: Hällefors   STATE: Sweden 

ELEV:   LAT:   LONG:

 

               TEMPERATURE (°C), HEAT BASE 18.3, COOL BASE 18.3

                          DEP.  HEAT  COOL                                          

        MEAN  MEAN        FROM  DEG   DEG                        MAX  MAX  MIN  MIN

 YR MO  MAX   MIN   MEAN  NORM  DAYS  DAYS  HI  DATE  LOW  DATE  >=32 <=0  <=0  <=-18

------------------------------------------------------------------------------------

  3  1  -1.7  -8.7  -4.8   0.0   727     0   6.0  14 -26.3    4    0   14   25    6

  3  2  -0.2  -9.0  -4.6   0.0   573     0   8.2  19 -20.9    6    0   16   26    2

  3  3   6.4  -1.8   2.0   0.0   293     0  13.9  28  -7.1    1    0    3   18    0

  3  4  11.8  -1.1   4.8   0.0   257     0  22.3  22  -8.6    8    0    0   15    0

  3  5  16.6   6.1  10.5   0.0   148     0  25.3  30  -0.4    4    0    0    1    0

  3  6  20.1   9.4  14.0   0.0    19     0  27.6  27   4.1    1    0    0    0    0

  3  7  23.2  12.3  16.8   0.0    13    13  29.6  24   8.3    1    0    0    0    0

  3  8  20.9  10.5  15.0   0.0    70     3  28.9  11   3.3   27    0    0    0    0

  3  9  18.5   7.0  12.2   0.0    73     0  25.3   5  -0.4    2    0    0    1    0

  3 10   4.8   1.8   3.7   0.0     0     0   7.1   7   1.5    8    0    0    0    0

  3 11

  3 12  -0.2  -7.0  -2.8   0.0   197     0   5.8  25 -16.2   23    0    4    6    0

------------------------------------------------------------------------------------

        10.5   0.9   5.3   0.0  2368    16  29.6 JUL -26.3  JAN    0   37   92    8

 

                                PRECIPITATION (mm)

 

              DEP.   MAX        DAYS OF RAIN

              FROM   OBS.          OVER

 YR MO  TOTAL NORM   DAY  DATE  .2   2   20

--------------------------------------------

  3  1  37.8   0.0  10.6   21   13    6    0

  3  2   0.4   0.0   0.2   12    0    0    0

  3  3   4.8   0.0   1.4   10    5    0    0

  3  4  19.4   0.0   8.6   29    6    4    0

  3  5  64.6   0.0  20.2    1   12    9    1

  3  6  10.6   0.0   3.4   28    5    3    0

  3  7  22.4   0.0  14.4    8    5    2    0

  3  8  58.6   0.0  23.2   14   10    5    1

  3  9   8.6   0.0   8.0   19    2    1    0

  3 10   0.2   0.0   0.2    7    0    0    0

  3 11   0.0   0.0   0.0    1    0    0    0

  3 12  50.8   0.0  19.2   25    5    5    0

--------------------------------------------

       278.2   0.0  23.2  AUG   63   35    2

 

                                WIND SPEED (m/s)

                          DOM

 YR MO   AVG.  HI   DATE  DIR

---------------------------------

  3  1   2.1  21.0   18     N

  3  2   1.6  13.4    1   ESE

  3  3   2.1  17.9   30     N

  3  4   2.1  17.9   30     S

  3  5   2.1  15.6    9   WSW

  3  6   1.3  14.3    9     N

  3  7   1.5  13.0    3     N

  3  8   1.7  12.1   15     N

  3  9   1.7  17.9   19   WSW

  3 10   0.6   5.4    7     N

  3 11

  3 12   2.5  22.8   28     N

---------------------------------

         1.9  22.8  DEC    N