ANNUAL CLIMATOLOGICAL SUMMARY

 

NAME: kommunhu  CITY: Hällefors   STATE:  

ELEV:   LAT:   LONG:

 

               TEMPERATURE (°C), HEAT BASE 18.3, COOL BASE 18.3

                          DEP.  HEAT  COOL                                          

        MEAN  MEAN        FROM  DEG   DEG                        MAX  MAX  MIN  MIN

 YR MO  MAX   MIN   MEAN  NORM  DAYS  DAYS  HI  DATE  LOW  DATE  >=32 <=0  <=0  <=-18

------------------------------------------------------------------------------------

  2  1

  2  2   0.5  -7.0  -3.1   6.9   221     0   4.5  18 -14.9   21    0    5   11    0

  2  3   5.5  -4.4   0.5   5.5   479     0  13.8  28 -11.3    3    0    3   24    0

  2  4  13.5  -0.2   6.4   4.4   349     0  24.4  24  -6.4    6    0    0   15    0

  2  5  24.3   5.1  13.4   0.4   116     5  32.4  21   0.2    7    1    0    0    0

  2  6  30.6  10.1  18.3  -3.7     6    68  38.4   6   6.2    2    9    0    0    0

  2  7  30.3  12.3  19.6   1.6     7   101  38.4  17   7.8    7   12    0    0    0

  2  8  25.9  17.1  20.5   5.5     0     6  31.1   1  16.9    2    0    0    0    0

  2  9

  2 10

  2 11

  2 12

------------------------------------------------------------------------------------

        19.7   4.0  10.9   2.9  1178   180  38.4 JUN -14.9  FEB   22    8   50    0

 

                                PRECIPITATION (mm)

 

              DEP.   MAX        DAYS OF RAIN

              FROM   OBS.          OVER

 YR MO  TOTAL NORM   DAY  DATE  .2   2   20

--------------------------------------------

  2  1   0.0   0.0   0.0    1    0    0    0

  2  2   0.0   0.0   0.0    1    0    0    0

  2  3   0.0   0.0   0.0    1    0    0    0

  2  4  32.2   0.0  15.8   27    5    3    0

  2  5  57.2   0.0  17.2   24   10    7    0

  2  6  90.4   0.0  16.2   18   17   12    0

  2  7  71.2   0.0  11.6   22   13   10    0

  2  8   0.2   0.0   0.2    1    0    0    0

  2  9   0.0   0.0   0.0    1    0    0    0

  2 10   0.0   0.0   0.0    1    0    0    0

  2 11   0.0   0.0   0.0    1    0    0    0

  2 12   0.0   0.0   0.0    1    0    0    0

--------------------------------------------

       251.2   0.0  17.2  MAY   45   32    0

 

                                WIND SPEED (m/s)

                          DOM

 YR MO   AVG.  HI   DATE  DIR

---------------------------------

  2  1

  2  2   1.7  16.1   22    SE

  2  3   2.2  25.0    9     N

  2  4   1.7  15.6   28     N

  2  5   1.8  13.0   12     W

  2  6   1.8  15.2   23     N

  2  7   1.6  12.1    2     N

  2  8   1.6   8.9    1     S

  2  9

  2 10

  2 11

  2 12

---------------------------------

         1.8  25.0  MAR    N